20756912.
176
What is the highest common factor of 775540 and 65?
5
What is the greatest common divisor of 4864 and 3572?
76
Calculate the greatest common factor of 3111 and 2343739.
17
What is the highest common factor of 49703 and 3340906?
2161
Calculate the greatest common factor of 373696199 and 19.
19
What is the greatest common factor of 3504 and 85085296?
1168
What is the highest common divisor of 98921592 and 18424?
392
What is the highest common divisor of 650 and 9361066?
26
Calculate the highest common factor of 7777 and 22528.
11
Calculate the greatest common divisor of 4515 and 145671960.
4515
Calculate the highest common divisor of 33 and 8541775.
11
What is the highest common divisor of 13482788 and 308?
44
Calculate the highest common divisor of 60 and 6727035.
15
Calculate the greatest common factor of 243522 and 300246.
978
What is the greatest common divisor of 19516 and 19348?
28
Calculate the highest common factor of 39 and 558557324.
13
Calculate the greatest common factor of 69483449 and 3451.
203
What is the greatest common factor of 14025 and 1666425?
1275
What is the greatest common divisor of 165257783 and 207?
23
What is the highest common factor of 38129325 and 975?
975
Calculate the highest common divisor of 16767 and 554921.
23
What is the greatest common factor of 1345 and 17393809?
269
Calculate the highest common divisor of 199984 and 54288.
464
What is the highest common factor of 5200 and 259040?
80
Calculate the highest common factor of 276 and 7347528.
12
Calculate the greatest common factor of 73224584 and 8.
8
What is the greatest common factor of 78871 and 10959?
13
Calculate the greatest common divisor of 829440 and 270.
270
Calculate the greatest common divisor of 642149546 and 4054.
4054
Calculate the greatest common factor of 17149473 and 2228.
557
Calculate the highest common factor of 497622 and 1396878.
2526
What is the highest common divisor of 16857388 and 20?
4
Calculate the highest common divisor of 1027 and 22415381.
79
Calculate the greatest common divisor of 379 and 32443537.
379
What is the highest common factor of 34816 and 4114?
34
Calculate the greatest common factor of 1608264 and 8127.
63
What is the highest common factor of 11699172 and 8676?
36
What is the greatest common divisor of 60 and 33178260?
60
What is the highest common divisor of 12733253 and 26?
13
Calculate the highest common divisor of 55311 and 105789.
537
What is the highest common factor of 2423907 and 696?
87
What is the greatest common factor of 597690 and 60030?
2610
What is the highest common divisor of 9 and 413360?
1
What is the highest common divisor of 3428108 and 24?
4
What is the greatest common factor of 48737661 and 11313?
1257
What is the highest common factor of 4815722 and 168002?
1006
What is the highest common factor of 7523220 and 75?
15
What is the greatest common divisor of 62476887 and 143055?
9537
What is the highest common factor of 12987 and 9108882?
999
Calculate the highest common factor of 1254247 and 7101.
263
Calculate the greatest common factor of 16932790 and 4118.
142
What is the greatest common factor of 224 and 954040?
8
Calculate the highest common factor of 30230 and 30065.
5
What is the greatest common factor of 14783984 and 2360?
472
What is the highest common factor of 91197 and 2061?
9
Calculate the greatest common factor of 9776316 and 968.
484
Calculate the greatest common divisor of 841528 and 9657.
37
Calculate the greatest common divisor of 227278 and 2508.
38
Calculate the highest common divisor of 105896 and 19047392.
1736
Calculate the greatest common divisor of 7334 and 369360.
38
What is the greatest common divisor of 335704 and 233334?
58
Calculate the greatest common factor of 31427 and 884048.
11
What is the highest common factor of 18170 and 132710?
230
What is the highest common divisor of 5866640 and 7280?
1040
What is the greatest common divisor of 438 and 34287954?
438
Calculate the highest common divisor of 1819136 and 9472.
256
Calculate the greatest common divisor of 241230803 and 1573.
121
Calculate the greatest common factor of 3983410 and 15.
5
Calculate the highest common divisor of 656817 and 714.
21
Calculate the greatest common factor of 14098077 and 64505.
679
What is the greatest common factor of 45178116 and 12?
12
What is the highest common divisor of 73712 and 10831057?
4607
What is the highest common factor of 14 and 31984400?
14
Calculate the highest common divisor of 500315718 and 1362.
1362
Calculate the greatest common factor of 494 and 13407563.
13
What is the highest common divisor of 5608620 and 300?
60
What is the greatest common factor of 69760 and 51680?
160
Calculate the highest common divisor of 301 and 543138547.
301
Calculate the highest common factor of 1341675 and 4221.
603
Calculate the highest common factor of 3374620 and 1390.
10
What is the greatest common divisor of 58274730 and 1085?
155
Calculate the greatest common factor of 808596943 and 2198.
1099
Calculate the greatest common factor of 912 and 851616.
48
Calculate the highest common factor of 2126537 and 3363.
1121
Calculate the greatest common factor of 41 and 112931671.
41
Calculate the greatest common divisor of 112781154 and 7572.
3786
Calculate the highest common divisor of 35 and 24982845.
5
Calculate the greatest common divisor of 696789587 and 59.
59
Calculate the greatest common divisor of 196311535 and 105.
35
What is the highest common factor of 222811 and 1515361?
1231
What is the greatest common divisor of 2668657 and 3653?
281
What is the greatest common factor of 2010940 and 3340?
20
What is the highest common factor of 4278 and 2859291?
69
Calculate the greatest common divisor of 110218448 and 16.
16
What is the highest common divisor of 102928161 and 4894?
2447
What is the highest common divisor of 784836 and 4005?
9
Calculate the highest common factor of 800000 and 128.
128
What is the highest common factor of 25071368 and 182?
14
What is the highest common factor of 6450 and 12392600?
2150
Calculate the highest common divisor of 27325 and 6025.
25
What is the highest common divisor of 4814 and 146675608?
166
What is the greatest common factor of 1892 and 431750143?
473
Calculate the greatest common factor of 150658408 and 37454.
614
Calculate the greatest common divisor of 2299 and 172019122.
209
Calculate the greatest common factor of 913641 and 370.
37
Calculate the highest common factor of 274268549 and 13539.
4513
Calculate the highest common divisor of 220125 and 3676125.
375
Calculate the highest common factor of 799008 and 483168.
672
Calculate the highest common divisor of 611919 and 671286.
231
What is the highest common factor of 34560 and 3431320?
40
What is the greatest common divisor of 393976375 and 25?
25
What is the greatest common factor of 58456 and 17896?
8
What is the greatest common divisor of 635590 and 95?
5
Calculate the greatest common factor of 36430374 and 7414.
674
Calculate the highest common factor of 1028 and 234156298.
514
What is the highest common factor of 24638611 and 11?
1
What is the highest common factor of 813 and 225840831?
813
Calculate the highest common divisor of 401632 and 18592.
224
What is the greatest common factor of 1509555 and 194223?
1923
Calculate the highest common divisor of 924 and 637161.
21
What is the highest common divisor of 630566 and 2884?
206
What is the highest common divisor of 512625 and 79875?
375
Calculate the greatest common factor of 7354610 and 790.
10
What is the greatest common divisor of 2171413 and 8414?
601
Calculate the highest common divisor of 15015915 and 135.
135
Calculate the highest common factor of 8241712 and 5296.
16
Calculate the greatest common factor of 1170 and 2020680.
90
What is the highest common factor of 7496 and 540649?
937
What is the greatest common factor of 3 and 61415227?
1
Calculate the greatest common divisor of 8358 and 126182.
14
What is the highest common factor of 11799 and 6155487?
513
Calculate the highest common factor of 34831 and 647.
1
Calculate the highest common divisor of 6 and 4661997.
3
Calculate the highest common factor of 171930 and 162822.
66
What is the highest common factor of 10845184 and 5376?
1792
What is the greates